 4*j + 5*o - 64917 = 0, 31*j - 36*j = 2*o - 81125. What is the tens digit of j?
2
Let k be (8/12)/2*126. What is the hundreds digit of (-21)/k - (-2899)/2?
4
Let t be (-5)/(15/(-36)*(3 + 0)). Suppose -3*o + o - 3*d = -244, -t*o + 488 = -4*d. What is the units digit of o?
2
Suppose 671*b = 1873555 + 1650537. What is the hundreds digit of b?
2
Let l = 6 + 2. Suppose 0 = -4*o + 2*o + l. Suppose -o*z - 34 = -2*i, 76 = -0*i + 4*i - 4*z. What is the units digit of i?
1
Let q(w) = 2092*w - 12425. What is the hundreds digit of q(18)?
2
Let q(i) = -115*i**3 + 2*i**2 - i - 30. Let h be q(-5). What is the units digit of 6/9*h/25?
4
Suppose -12*i + 5*i - 26383 + 225288 = 0. What is the tens digit of i?
1
Let u = 986 - 720. Let y = u + 134. What is the hundreds digit of y?
4
Suppose g + 5*i + 46 = 3*i, g = -5*i - 31. What is the hundreds digit of g/(-112) - 634/(-4)?
1
Suppose -3*i = -41237 + 3227. What is the tens digit of i/35 + (2 - (7 + -2))?
5
Suppose 158*v = 190*v - 233440. What is the thousands digit of v?
7
Let z = -457 - -460. Suppose -19*g = -z*g - 3664. What is the tens digit of g?
2
Let f(d) = -d**3 - 15*d**2 + 35*d + 17. Let t be f(-17). Let k(o) = 7 - o + 29*o + t + 7. What is the hundreds digit of k(4)?
1
Let p = -195 + 424. Let z = 342 + p. What is the hundreds digit of z?
5
Suppose 2*k = 7*k. Let y = k + -45. What is the hundreds digit of ((-248)/(-5))/((-18)/y)?
1
Let r = 319 - 99. What is the tens digit of (-88)/r - 447/(-5)?
8
Suppose -u + 7246 = 5*p, 2*p = -3*u + 26766 - 5041. What is the hundreds digit of u?
2
Let v(o) = -o**2 - 15*o - 54. Let p be v(-8). Suppose 3*t = -2*z + 449, -5*t - p*z = -z - 760. What is the tens digit of t?
5
Let j = -117708 + 198668. What is the tens digit of j?
6
Let d = 20731 + -17799. What is the units digit of d?
2
What is the units digit of -3 - (-9 - (-14 + 1797))?
9
Let s = -4939 + 7088. What is the hundreds digit of s?
1
Suppose -2*q = 14, 65*q + 179690 = 3*j + 69*q. What is the units digit of j?
6
Suppose -d - d = -f + 128, 3*f = -4*d + 384. Suppose -1120 + f = -2*c. What is the hundreds digit of c?
4
Let s = 567 + -574. What is the units digit of 2*(3760/70 + (-2)/s)?
8
Let h = -469 + 201. Let v = -119 - h. Suppose 4*n = -4*q - n + v, -n = 5*q - 181. What is the tens digit of q?
3
Let b = 22649 - 13326. What is the hundreds digit of b?
3
Suppose -742 = -3*m - 4*a, 0 = m - 3*a + 4*a - 249. Suppose -4*v + 7*v = -94 + 424. Let w = m - v. What is the tens digit of w?
4
Let s = -2109 + 3974. What is the thousands digit of s?
1
Let p(g) = 614*g**3 - g**2 - 5*g + 6. Suppose w + 9 = 4*w, -4*f + 16 = 4*w. What is the hundreds digit of p(f)?
6
Let n(o) = o**3 + 12*o**2 - o - 14. Let l be n(-12). Let x be 3 + (1 + -1 - (-802)/l). Let r = 595 + x. What is the hundreds digit of r?
1
Suppose -2692*b + 2715*b - 886995 = 0. What is the units digit of b?
5
Suppose -585310 = 2074*l - 2091*l. What is the hundreds digit of l?
4
Let r = 30 + -35. Let w(y) = -y**2 - 2*y + 12. Let s be w(r). What is the units digit of -6*((-100)/s)/(-5)?
0
Let p(u) = 36*u + 258. Let o be p(-7). Let x be (-18594)/(-22) - (-4)/(-22). Suppose -7*a - o*a = -x. What is the units digit of a?
5
Suppose -4*b + 80954 = 7*b - 32973. What is the units digit of b?
7
Let q = 83 + -41. Let m = q - 36. Suppose 136 = 2*l + r - m*r, -2*r = 2*l - 108. What is the tens digit of l?
5
Let w(n) = 2*n**2 + 21*n + 29. Let m be w(-13). Let y(x) = 14 - 168*x - x**2 + 82*x + m*x. What is the units digit of y(8)?
4
Suppose 0 = -5*p - 293 + 1418. Suppose 0 = -9*u - 0*u + p. What is the units digit of ((4 - 2) + 0)/(10/u)?
5
Let g(q) = -13*q + 58. Let h be g(-21). Let m = h - -95. What is the tens digit of m?
2
Let r = -420 + 1679. Suppose 2*f = 3*k + 843, -5*f - k + r = -2*f. What is the units digit of f?
0
Let q(m) = 230*m**2 + 187*m - 65. What is the hundreds digit of q(14)?
6
Suppose 1 = -2*b - 4*h - 9, -2*b + 4*h = -22. Suppose -588 = -b*w + 3*d, -3*w = -10*d + 5*d - 582. What is the tens digit of w?
9
Let p(u) = u - 51. Let k be p(51). Let l(i) = -9*i + 837. What is the tens digit of l(k)?
3
Let j = 99 - -374. Let h = 14 + j. What is the hundreds digit of h?
4
Let z = -1982 + 5622. What is the thousands digit of z?
3
Let l(u) = -1337*u + 804. What is the thousands digit of l(-7)?
0
Let i(k) = -24*k - 57. Let n be i(-3). Let w(j) = j**2 + j. Let p(y) = 2*y**2 - 7*y + 5. Let z(x) = p(x) - w(x). What is the tens digit of z(n)?
1
Suppose -9*h - 20179 = -2800. Let u = -629 - h. What is the units digit of u?
2
What is the ten thousands digit of (183729/9 + 1)/(-19 - (-1770)/90)?
3
Suppose 23164 - 6784 = 10*h. Suppose 3*y - 3*q = h, -2*y + 38 = -5*q - 1054. What is the units digit of y?
6
Suppose 22*r - 9530 - 4594 = 0. Let y = r - 569. What is the tens digit of y?
7
Let s be -7 - (11 + (-7 - -4)). Let w(n) = -n**3 - 8*n**2 + 51*n - 9. What is the units digit of w(s)?
1
Let n = 62 - 68. Let s(m) = m**3 + 3*m**2 + 2*m - 10. Let l be s(n). What is the tens digit of 0 + 7/((-7)/l)?
3
Let a be 80 - (-3)/(9/12)*1. Suppose -p + a = 4*v, 5*p = -3*v + 2*p + 72. What is the units digit of (-14)/(6/8 - 25/v)?
8
Let a(u) = -4*u**3 - 22*u**2 + 5*u + 107. Let q(w) = -2*w**3 - 11*w**2 + 3*w + 53. Let i(c) = 6*a(c) - 11*q(c). What is the units digit of i(-9)?
3
Let j be (12 - 7) + -274 - (6 + -2). What is the tens digit of (-480)/(-56)*j/(-6)?
9
What is the thousands digit of (-1)/(28/(-132)) + -5 + (-139220)/(-14)?
9
Let y = -173 - -176. Suppose 2*t = -4*m + 948, m = -y*m - 8. What is the tens digit of t?
7
Suppose -3*a = -2*b + 24, -a = -5*b + 3*a + 74. Suppose 0 = b*x - 33*x + 2640. What is the tens digit of x?
7
Let t(f) = 2*f**3 + 56*f**2 - f - 59. What is the units digit of t(-25)?
6
Let w = -33 + 31. Let q be -1*(w + 279 + (2 - 1)). What is the units digit of ((-1)/6*-3)/((-1)/q)?
9
Suppose -21*u = 4*w - 17*u - 28, -4 = -4*w + 4*u. Suppose -282 = -5*t + 138. Suppose -411 = -w*i - z, i - t = -5*z + z. What is the units digit of i?
4
Suppose -3*c - 5*f + 4009 = 0, 0*c - 5*f = -2*c + 2631. What is the units digit of (-75)/(-50)*c/6?
2
Let a(m) = -m**3 + 42*m**2 + 32*m - 483. What is the hundreds digit of a(41)?
5
Let a = -18567 + 7098. What is the hundreds digit of ((-22)/15)/(-11) + a/(-45)?
2
Let f(c) = -c**2 + 21*c + 5. Suppose -p - 42 = -3*p. Let d be f(p). Let i(v) = -4*v**2 + 25*v + 7. What is the units digit of i(d)?
2
Let f(g) = -7*g**2 - 4*g + 3. Let n be f(1). Let v(l) = -15 - 6*l + 2*l**2 + 5*l - 34. What is the tens digit of v(n)?
8
Let n = 16 - 13. What is the units digit of (-10 - 312/(-36)) + 574/n?
0
Suppose 0 = 6*u - 8 + 8. Suppose -2*p + 543 + 351 = u. What is the hundreds digit of p?
4
Let l = 1620 - -11254. What is the ten thousands digit of l?
1
Suppose 8*w = 9*w - 123. Suppose 4*l = -4, -5*s + 6*l = 3*l - 13. Suppose s*y - 7 = w. What is the units digit of y?
5
Suppose 10*c - 5*q - 26842 = 7*c, 2*c - q = 17897. What is the tens digit of c?
4
Let p be (-9 - -8) + 0 + 38. Suppose -u + 54 = -p. What is the tens digit of u?
9
Suppose -3*y = 5*q - 247, 4*q = 3*y - y - 172. What is the tens digit of 1*66*y/63?
8
Suppose 443*j - 6866997 = 6084790 - 1730154. What is the hundreds digit of j?
3
Suppose 3*a + 438 = 348. What is the hundreds digit of ((-6)/(-9))/(a/(-19485))?
4
Suppose -2*t - 2*p + 22 = 0, -p = 2*p - 9. Let h be (376/(-6))/(2/(-6)). Suppose -t*m - h = -12*m. What is the units digit of m?
7
Let j = 60242 - 24705. What is the hundreds digit of j?
5
Suppose -38 = 4*k - 14. Let c = -52 - -51. What is the units digit of (k/9)/(c/18)?
2
Suppose -1 = -n - 4*d + 17, -4*d + 48 = 4*n. Suppose 17*j = n*j + 2275. What is the units digit of j?
5
Suppose 5*k - 67 = 558. Suppose -k = 8*q - 9*q. Let c = q - -17. What is the hundreds digit of c?
1
Let r(m) = -3*m**3 + 218*m**2 + 110*m - 53. What is the thousands digit of r(73)?
2
Let n = 22742 + -12135. What is the units digit of n?
7
Let n = -177 + 351. Let y = n - -501. What is the units digit of y?
5
Let i be (-8)/3*99/(-22) - 2. Suppose 20*q + i = 25*q. Suppose -5*a - q*b = b - 730, 0 = 4*a + b - 577. What is the tens digit of a?
4
Let r(p) = -32*p - 69. Let d be r(13). What is the tens digit of 1/(5/(0 - d))?
9
Let a = 55 + -53. Suppose a*o = 5*q - 6, -6*q + 4 = -2*o - 2*q. Suppose o*c - 284 = -0*c. What is th